 - 68 = -4*h. Let t be (-3)/(-1)*(c/6 + -5). Suppose -2 = -5*w + 48. Calculate the highest common divisor of w and t.
2
Let o be (-175)/5*(-4 + 14/5). Calculate the highest common factor of o and 24.
6
Suppose -2 = 3*q + 4*h - 38, 2*q - 24 = -3*h. Let u = q - -8. Suppose 3*z - 4 = 2*z. What is the greatest common factor of z and u?
4
Let s be 8 + 8*(-3)/6 - -2. What is the greatest common factor of 9 and s?
3
Let z(b) = -7*b + 234. Let u be z(31). Let c = 53 - 19. What is the greatest common factor of u and c?
17
Suppose -323*s = -283*s - 320. Calculate the highest common divisor of 13 and s.
1
Let j(k) = 5*k - 22. Let t be j(8). Let v(p) = -p**2 - 2*p + 36. Let s be v(0). Calculate the greatest common divisor of t and s.
18
Suppose 0 = 4*t + 132 + 304. Let s = t - -241. What is the greatest common factor of 12 and s?
12
Suppose 19*u - 11*u = 560. What is the highest common divisor of u and 40?
10
Suppose 3*z = -g + 10, -g + 2*g - z - 2 = 0. Let f be 10*2/20*24. Let p = f - 22. Calculate the highest common divisor of p and g.
2
Let r(m) = 2*m - 12. Let p = -21 + 28. Let x be r(p). Let d be (-5 - -3) + (x - -153). Calculate the highest common divisor of 17 and d.
17
Let s be ((-32)/(-10))/(3/1005). What is the highest common factor of 8 and s?
8
Suppose 25*s - 19488 = -62*s. Let i(u) = u**3 - 3*u**2 + 3*u + 4. Let f be i(4). What is the greatest common factor of f and s?
32
Suppose -134 - 27933 = -13*u. Calculate the highest common divisor of u and 254.
127
Let r(j) = -8*j + 9. Let a be r(1). Calculate the highest common divisor of a and 12.
1
Let i = 617 - 305. What is the greatest common divisor of 390 and i?
78
Suppose -11*l + 53 = -90. Suppose -2*k + 4 + 6 = 0. Let z = l - k. Calculate the greatest common divisor of 16 and z.
8
Let d(b) = b**3 + b**2 + 4*b - 14. Let p be d(3). Calculate the greatest common divisor of p and 952.
34
Suppose -5*j = r - 1646, -4*j + 2*j - 5*r = -640. Calculate the highest common divisor of 44 and j.
22
Let t(s) = 25*s**3 + s - 1. Let l be t(1). Suppose -3*n - 2*z + 225 = -8, n - 4*z = 59. Calculate the highest common factor of l and n.
25
Let d be (-16)/6*(-6)/4. Let s be d/(-18) + 187/(-9). Let a = -3 - s. What is the greatest common factor of a and 72?
18
Suppose 0*u = u + p + 25, -2*p = -3*u - 75. Let y be ((-30)/u)/(9/30). Suppose -y*z - 3*z + 476 = 0. Calculate the greatest common divisor of z and 17.
17
Suppose 5*c = -1 + 36. Suppose -5*l = -c*l + 122. Suppose p - l = -1. Calculate the highest common factor of 40 and p.
20
Suppose -c + 2*d + 4 = 4*d, 0 = -d. Suppose -114 = -c*a + 210. What is the greatest common divisor of 9 and a?
9
Let l = 1335 + -754. Calculate the greatest common factor of l and 7.
7
Let z(c) = -c**3 - 14*c**2 - 23*c - 82. Let v be z(-14). What is the highest common divisor of v and 15?
15
Let p(r) = -r - 6. Let c be p(-13). Let n be (-14)/(-49) + (-58)/c. Let x = -2 - n. Calculate the highest common factor of x and 3.
3
Let y be (-60)/(-8)*(-12)/5. Let k = -14 - y. Let q(m) = -4*m + 4. Let x be q(-6). What is the highest common divisor of k and x?
4
Suppose 4*q = q + 12, -116 = -4*v - 5*q. Calculate the greatest common divisor of v and 12.
12
Suppose -4*h = -2715 + 2619. Suppose -3*w + 987 = -3*r, 0 = -4*r + 5*w - 840 - 477. Let n = -232 - r. What is the highest common divisor of n and h?
24
Let d(x) be the first derivative of 5*x**3/3 - 5*x - 7. Let l be d(3). Let w = 32 - 27. Calculate the highest common divisor of l and w.
5
Let l = 2122 + -1001. Calculate the highest common divisor of 59 and l.
59
Let q = 11 - 7. Let v = 362 - 326. What is the highest common divisor of q and v?
4
Let z(d) = d**3 + d**2 - d + 1. Let m be z(-2). Let o = 51 + m. Suppose -y = -6*y + o. What is the greatest common divisor of y and 80?
10
Let d = 238 - 28. Calculate the greatest common factor of d and 70.
70
Let k be ((-4998)/(-56) - -7) + (-1)/4. What is the highest common divisor of 9 and k?
3
Suppose 4*f - x = -0*f + 52, 5*f - 65 = 3*x. Let m = -200 + 226. What is the highest common divisor of f and m?
13
Suppose -343 = -4*y + 5*z, 2*y - 80 = 2*z + 92. Calculate the greatest common factor of 232 and y.
29
Let l = 1010 + -774. What is the greatest common divisor of 4 and l?
4
Let g be ((-100)/6)/(2/(-3)). Suppose 0 = -2*x + 7 + g. What is the greatest common divisor of x and 2?
2
Suppose -10*f = f - 462. Calculate the greatest common divisor of f and 15.
3
Suppose s + 12 = -2*s. Let d be 4*((s - -24) + 2). Calculate the greatest common factor of 22 and d.
22
Let b be 84/(-4)*(508/(-12) - -5). What is the greatest common factor of b and 49?
49
Suppose j = 3*p - 3 - 8, p - 22 = 4*j. Suppose -5*f + 93 = 3*b - 0*f, p*f + 78 = 2*b. What is the greatest common factor of b and 396?
36
Let k = 24 + -22. Let m be 2*(-1 - (-9)/k). Suppose 58 + 96 = 2*r. What is the highest common divisor of r and m?
7
Suppose 1829 = 15*d + 16*d. What is the greatest common factor of d and 295?
59
Let j(t) = -12*t. Let v be j(-7). Let z(w) = w**2 - 10*w - 27. Let a be z(13). Calculate the greatest common divisor of a and v.
12
Let k(l) = -7*l + 31. Let n(u) = -u**3 + 3*u**2 + 2*u - 4. Let r be n(2). Let h be k(r). What is the highest common divisor of h and 12?
3
Let j(v) = -v + 3. Let d be j(7). Let b be (-80)/d + 1 + -1. Suppose 0*r + 2*w - 170 = -r, -20 = -4*w. What is the highest common factor of b and r?
20
Let f be -2 + 1 + (16 - 0). Let b be 3 - 82/26 - (-164)/52. Suppose 3 = b*a - f. What is the highest common divisor of a and 66?
6
Suppose -117 = -9*m + 126. Calculate the greatest common divisor of m and 225.
9
Suppose 3*a - a = -5*y + 542, 0 = -3*y + 3*a + 321. Let o be 1/(-4) - 126/(-24). Suppose o*j - 24 = 36. Calculate the greatest common divisor of j and y.
12
Let g = -704 - -875. What is the highest common factor of 19 and g?
19
Let h be (3 - (2 - 2)) + 5. Let g be 1515/75 - h/(-10). Let a = 0 - -21. Calculate the highest common divisor of a and g.
21
Let r = 9 + -3. Suppose 4*b - 33 = -f, -f + 30 = 3*b - r. Suppose 5*x - 37 = 8. What is the highest common divisor of f and x?
9
Suppose -2*z - 50 = -4*y, 0 = 2*y + 5*z - 4 - 27. Suppose -3*h + 154 = -5*l + 4*l, 4*h - 212 = -2*l. What is the greatest common divisor of h and y?
13
Suppose u + 28 = 27. Let j = 33 + u. What is the highest common divisor of j and 48?
16
Let d(p) = 55*p**3 + p - 2. Let h be d(2). What is the highest common divisor of h and 385?
55
Let s = -1719 - -1759. Suppose -10 = -3*p + p. Calculate the greatest common factor of s and p.
5
Suppose 6*h - 24 = 3*h. Suppose -x + 72 = 42*r - 46*r, -r - 4 = 0. What is the greatest common divisor of h and x?
8
Let v be 1*27 - (6 - (-8 - -9)). Let q = -31 + 64. Calculate the highest common factor of v and q.
11
Suppose -5*m + 4*o + o = -190, 3*m - 84 = -3*o. Calculate the greatest common divisor of m and 165.
33
Let n = 3 + 1. Suppose -n*x + 3311 = 3*x. What is the greatest common divisor of 43 and x?
43
Suppose -i - 4 = -6. Let c be (93/(-5) - -1)*(-65)/26. Suppose -i*j - 2*v + c = 0, -4*j - 27 = -4*v - 83. Calculate the greatest common factor of 18 and j.
18
Suppose 13*o = 30*o - 5525. Calculate the highest common divisor of 25 and o.
25
Let z(l) = 4*l - 82. Let q be z(22). Suppose 0 = -17*g + q*g + 176. Suppose -752 = -4*h - 176. Calculate the highest common divisor of h and g.
16
Let m = -378 + 837. What is the highest common divisor of 27 and m?
27
Let z = -889 + 901. Calculate the greatest common factor of 1236 and z.
12
Let a be 162 + -1 + 1 + 0. Suppose -3*u = 3*k + 90, 0*u + u + 20 = -3*k. Let o be (-4)/(-6)*(-3 - (5 + u)). Calculate the highest common divisor of o and a.
18
Suppose -33 = -q + c, -2*q = -8*c + 3*c - 57. Let d = -2470 - -2494. Calculate the greatest common factor of d and q.
12
Suppose -11 = -33*q + 22*q. What is the greatest common factor of q and 3?
1
Suppose -158*t + 154*t + 308 = 0. What is the highest common divisor of t and 1925?
77
Let a(w) be the first derivative of w**3/3 + 4*w**2 + 33*w - 3. Let u be a(-5). Calculate the highest common divisor of u and 180.
18
Let z(w) = -w**2 + w - 1. Let a be z(-3). Let d(p) = p**2 + 14*p + 34. Let h be d(a). What is the greatest common divisor of h and 231?
21
Let w(j) = 2 - j**3 + 6*j + j + 9 + 0*j + 7*j**2. Let m be w(8). Calcula